 + 2/(-4))*-160. Let h = w + 75. Let q(x) = -x**2 - 4*x + 6. Determine q(h).
1
Let w(i) = -2*i**2 - 2*i + 1. Let z(c) = -3*c - 41. Let m be z(-13). Give w(m).
-3
Let z(l) = l**3 - 11*l**2 + 11*l + 5. Suppose 0 = 4*k - 5*d - 40, -3*d = -0*k - 4*k + 40. Calculate z(k).
15
Let v(w) = -4*w**2 - 2*w - 1. Let r(a) = -a - 1. Let z be r(-7). Suppose z*u + 1 = 7*u. Let y be -2*(0 - u/(-2)). Give v(y).
-3
Let w(o) = o**3 + 12*o**2 - 14*o - 18. Let y(n) = -n**2 - n + 7. Suppose 0 = -115*a + 119*a - 16. Let z be y(a). Calculate w(z).
-5
Let z(x) = -x**2 - 10 - x + 10. Suppose -21*c + 23*c - 9 = -5*n, c = -n + 3. Give z(n).
-2
Let h(d) = 2. Let v(y) = -y + 2. Let i(t) = -3*h(t) + 3*v(t). Suppose -21 = -0*j - 3*j + 3*m, 5*j + 3*m - 3 = 0. Determine i(j).
-9
Suppose p - 20 = -4*g, -2*p + 0*g + g - 5 = 0. Suppose -2*q - q = -i, p = 5*q - 2*i. Let b(z) = z**2 - 16. What is b(q)?
-16
Let y(d) be the first derivative of d**3/3 - 4*d**2 + 6*d - 10. Let l be y(5). Let a(p) = p**2 + 10*p + 9. Give a(l).
0
Let d(z) = -z**2 - 12*z + 8. Let b(a) = -3*a**2 - 26*a + 17. Let n(m) = 2*b(m) - 5*d(m). Determine n(8).
-6
Suppose -6*m = -9 + 15. Let r(f) = -4*f**2 - 1. Calculate r(m).
-5
Let o(j) = -j - 5. Let s(z) = z**2 + 2*z. Let k be s(-3). Let n be k/(-2)*(8/(-6) - 2). What is o(n)?
-10
Let x(o) = -4*o**2 - 46*o + 22. Let v be x(-12). Let c(g) = g**3 + 2*g**2 + 5*g + 3. Give c(v).
-7
Let c(b) be the second derivative of -b**4/12 + 3*b**2/2 - 17*b. Let z be -3*4*1/4. Calculate c(z).
-6
Let z be 2/21 - 4/42. Let v(d) = -d. Let b(i) = 6*i. Let k(m) = b(m) + 5*v(m). Give k(z).
0
Let g be (-106)/(-5) + 1 + (-1)/5. Let v be g/(-10) - 3/(-15). Let o(z) = -z**3 - 4*z**2. What is o(v)?
-8
Suppose 2*y + 1 = 5. Suppose -s - 5 = -y. Let p(c) = -3*c**2 + c. Let k(w) = w**3 + 7*w**2 - w - 4. Let v(h) = k(h) + p(h). Determine v(s).
5
Let b(n) = n**2 + n + 31. Let c = 215 + -215. Give b(c).
31
Let m(g) = 2*g**3 - 56*g**2 + 56*g - 59. Let d be m(27). Let u(x) = 3*x + 2. Calculate u(d).
-13
Let m(b) = -b**3 + 7*b**2 + 8*b + 6. Let q be m(8). Suppose 0 = 3*x - q. Let w(f) = 1 + 2*f - 1 + 0 - 1. Determine w(x).
3
Let x(p) = -10*p**2 + 1. Let v(r) = 16*r**3 + 3*r**2 - 3*r + 1. Let f be v(1). Suppose 16*a - 1 = f*a. Calculate x(a).
-9
Let x(n) = n + 10. Suppose 160*y + 60 = 155*y. Calculate x(y).
-2
Let p(f) = -2*f + 0*f**2 - 7 + 4*f**3 - 3*f**3 + 6*f**2. Let y be 111/(-18) - (-4)/24. Determine p(y).
5
Let m(b) = 265*b + b**2 + 5 + 264*b - 523*b. Determine m(-8).
21
Let i(f) be the third derivative of f**6/120 + f**5/10 - f**3/2 + 3*f**2 + 7. Determine i(-6).
-3
Let b(p) = -p**2. Let h(o) be the second derivative of -o**5/20 + o**4/12 + o**3/2 - 3*o**2 + 25*o. Let c(r) = -5*b(r) + h(r). Determine c(6).
12
Let h(j) be the first derivative of -j**4/4 + 8*j**3/3 - j**2/2 - 2*j - 2. Suppose 0 = -2*m - 10, -62 + 2 = -5*q + 4*m. Determine h(q).
-10
Let n(v) = -5*v**2 + 4*v + 2. Let y be n(-1). Let d(c) be the first derivative of c**3/3 + 7*c**2/2 - 6*c - 1. Determine d(y).
-6
Let n(g) = -g**3 + 5*g**2. Let z(k) = -3*k**2 + 18*k - 10. Let q be (-75)/30*(-1 - -2 - 3). Let w be z(q). Give n(w).
0
Let j be (-50)/325 - 379/(-13). Let y = j - 31. Let m(d) = d**3 + 3*d**2 + 2*d + 2. Determine m(y).
2
Let z = -140 + 147. Let c(h) = h**2 - 9*h + 11. What is c(z)?
-3
Let f(z) = -4*z + 15. Suppose -2*u = 5*w - 23, 0 = u - 3*w + 2 + 3. Calculate f(u).
-1
Let f(j) = 2*j + 1. Let y(a) be the first derivative of -a**2/2 - a + 1. Let u(r) = f(r) + 5*y(r). Give u(-5).
11
Let c(b) = -2*b**2 - 3 + 4 - 3*b**3 - 5. Give c(-2).
12
Let h(s) = s**3 + 5*s**2 + 5*s + 2. Let i = 71 + -85. Let q(m) = 7*m + 11. Let l(z) = -6*z - 12. Let a(t) = 6*l(t) + 5*q(t). Let f be a(i). Give h(f).
5
Let g(u) be the second derivative of u**5/20 + u**4/6 + 2*u**3/3 + u**2 + u. Let n = 22 + -18. Suppose -12 = 2*x + n*x. What is g(x)?
-6
Let h(y) = y**3 + y**2 - y - 1. Let v(a) = -a**2 - 8*a. Let u be v(-6). Let s = 12 - u. Let x be s*1*(-4)/8. What is h(x)?
-1
Suppose 3*s = -4*z - 23, 2*z + 18 = 2*s - 2*z. Let d(o) = 5*o**2 + o + 8. Let w(p) = 6*p**2 + p + 7. Let j(q) = -6*d(q) + 7*w(q). Determine j(s).
12
Let t(q) = -14 - q**2 + 663*q + 647*q - 1309*q. What is t(0)?
-14
Let l(y) = -2*y**2 - 21*y + 7. Let h(a) = 3*a**2 + 32*a - 10. Let x(j) = -5*h(j) - 8*l(j). Let v be x(-9). Let b(k) = 2*k + 2*k - 11 - v*k. What is b(5)?
-6
Let s(i) be the first derivative of i**2/2 + 13*i - 1. Let d be 17/(-119) - (-249)/(-21). Let g be s(d). Let y(o) = 2*o**3 - o**2 + 1. What is y(g)?
2
Let b = -1 - -3. Let h = 3 + b. Let l(v) be the third derivative of -v**4/12 + v**3 - 6*v**2. What is l(h)?
-4
Let t(f) = f**3 - 11*f**2 + f - 11. Let w be t(11). Let a(b) = b - 4. Calculate a(w).
-4
Let p be (-1)/4 + (-90)/(-8). Suppose 0 = v + 2*k, -2*v + 2*k + 1 = -p. Let q(t) = -2*t - v + 2*t - 2*t. Determine q(-5).
6
Let v(a) = -a - 4*a - 3*a**2 - a**3 - 3*a**2 + 5. Suppose 3*s + 143 = -19. Let b = s + 49. Calculate v(b).
5
Let n(s) = -17 + 4*s - 7*s**2 - 19*s + 8*s**2 + 14*s + 0*s**2. Calculate n(0).
-17
Let k(l) = 8*l**2 - 1. Let q = 182 - 183. What is k(q)?
7
Let v(k) = -k**2 + 8*k + 5. Let s be 27/5 + (-9)/(-15) + 0. Suppose 0*q - 3*t = -3*q + s, 0 = q + 4*t - 17. Determine v(q).
20
Suppose 9*y - 7*y - 22 = -4*p, 24 = 2*y + 5*p. Let o(b) = -b**2 + 2*b + 15. What is o(y)?
-20
Suppose 2 = f + f. Let j(w) = 3*w + 1. Determine j(f).
4
Let z(r) = -4*r - 13. Let l = 503 - 507. Determine z(l).
3
Let r(l) = -l**3 - l**2 - l - 1. Let i(z) = 2*z**3 - z**2 - z. Let h(s) = -i(s) - 3*r(s). What is h(-3)?
0
Let p(d) be the first derivative of -d**4/4 - 2*d**3 - 3*d**2 - 7*d + 23. Suppose -5*j - b - 30 = 0, 2*j - 5 = -j + 4*b. What is p(j)?
-2
Suppose -9*x - 4 = -5*x. Let q = x - -6. Let c(p) = -p**2 + 7*p + 7. Let h(i) = -i**2 + 8*i + 7. Let w(k) = -6*c(k) + 5*h(k). What is w(q)?
8
Let r be (2*(-3)/6)/(3/3). Let l(n) = 19*n. Determine l(r).
-19
Suppose -30*x - 3 - 57 = 0. Let s(t) = -2*t - 2. Determine s(x).
2
Let r(q) = -q**3 + 5*q**2 - 3*q + 3. Suppose 0 = 2*y - 8*y + 36. Suppose u + y = 10. Calculate r(u).
7
Let b(c) = -3 - 5 + 2*c + 4*c**2 + 4 - c**3. Let h(m) = m**3 + 13*m**2 + 15*m + 40. Let q be h(-12). Determine b(q).
4
Let u(h) = -8*h**2 + 4*h + 6. Let w(a) = 3*a**2 - 2*a - 3. Let k(n) = -2*u(n) - 5*w(n). Give k(-4).
11
Suppose -249 = -4*b - 69. Let a = b - 40. Let x(w) = w**3 - 6*w**2 + 3*w + 3. What is x(a)?
-7
Let a be (-4)/6 + (-1030)/(-15). Let q = 63 - a. Let b(o) = o**2 + 4*o + 1. Determine b(q).
6
Suppose -5*d + 29 = y, -2 = 3*y - y. Let t(g) = -d*g - 5 + g**2 + 5. Suppose -2*k + 23 - 3 = -i, k - i - 13 = 0. What is t(k)?
7
Let k = 226 - 222. Let x(p) = -10*p**3 - 2*p + 1. Let u be x(1). Let f(n) = 14*n**2 - n - 4. Let t(z) = -5*z**2 + 1. Let y(h) = u*t(h) - 4*f(h). What is y(k)?
5
Let i(k) be the first derivative of k + 5/2*k**2 - 2. Let s(y) = -y**2 + 4*y - 2. Let h be s(4). What is i(h)?
-9
Let z(a) = 5*a + 3. Let s be ((-10)/4 - -4)*28/(-21). Determine z(s).
-7
Let m(u) = -u**3 - 8*u**2 - 7*u. Let k be m(-7). Suppose k = 2*t + 3*t - 30. Let i(g) be the second derivative of -g**4/12 + 2*g**3/3 - 6*g. Give i(t).
-12
Let n(v) be the first derivative of -v**7/840 - v**6/120 - v**5/60 - v**4/12 - 11*v**3 + 31. Let i(t) be the third derivative of n(t). Calculate i(-3).
4
Let x(j) be the third derivative of 1/8*j**4 - 1/2*j**3 + 0 - 2*j**2 + 0*j. Suppose -5*v - 1 + 27 = 4*k, 2*v + 4 = 2*k. What is x(k)?
9
Let w(u) = u**3 + 5*u**2 + 3*u + 7. Let q be 384/18 - (-12)/(-9). Suppose -4*v - q = -o, -2*v + 3*o + 5 = -3*v. What is w(v)?
-8
Let o(z) = -z**3 - 3*z**2 + 3*z + 2. Suppose 3*u + 4*u = -35. Let k(t) = -t**2 - 4*t + 2. Let w be k(u). What is o(w)?
-7
Let d be 9/1 + (-7 - -5). Let f be 4/38 - (-200)/(-95). Let s(v) = 4*v**2 - 10*v - 4. Let h(k) = -3*k**2 + 9*k + 4. Let i(m) = f*s(m) - 3*h(m). What is i(d)?
-4
Let v(s) = -1129 + 2249 - s**2 - 2*s - 1123. Give v(-6).
-27
Suppose 0 = -5*j + 2*j + 81. Suppose 0*m = 7*m + 56. Let s be j/6 + (-4)/m. Let h(t) = -2*t + 4. What is h(s)?
-6
Let a(y) = 13*y + 2. Let u(q) = -13*q - 1. Let x(v) = v. Let t(w) = -u(w) - 6*x(w). Let f(b) = -4*a(b) + 7*t(b). Calculate f(2).
-7
Suppose -5*f + 5 = 0, f = -y - 5 + 22. Let d = y + -13. Suppose -d*x + 17 - 11 = 0. Let z(m) = -m**2 + 2*m. Calculate z(x).
0
Let d be (8/(-5))/((-8)/2